 is the highest common factor of a and 11?
11
Suppose 5*c - 20 + 0 = 0. Let a be (-8)/(-4) - (5 + -3). Suppose 0*m - m + 6 = a. What is the highest common factor of c and m?
2
Let p(r) = 26*r - 4. Let x be (15/(-12))/((-7)/(-56)). Let u be 45/x*4/(-9). Let w be p(u). What is the highest common factor of w and 12?
12
Suppose -5*v - 5*u = -170, -2*v + 3*v = -2*u + 29. What is the greatest common factor of v and 507?
39
Let m = -201 - -289. Let l(p) = -p**2 + 8*p + 4. Let j be l(7). Calculate the highest common factor of m and j.
11
Let j(y) = 3*y**2 - 116*y - 23. Let v be j(39). What is the highest common divisor of v and 384?
16
Let t(c) = -c**3 - 16*c**2 - 14*c + 9. Let j be t(-15). Let k = j - -30. Calculate the greatest common divisor of 8 and k.
8
Let d = 41 + -33. Suppose 3*t = -2*t + 80. Let p = t - d. Calculate the highest common divisor of p and 8.
8
Let u = -577 + 881. What is the greatest common factor of 57 and u?
19
Suppose g - 3 + 11 = 0. Let v be (-148)/(-16) - 6/g. What is the greatest common divisor of v and 10?
10
Let z be ((-1)/2)/(4/2248). Suppose -8*g - 1404 = g. Let o = g - z. Calculate the highest common divisor of 50 and o.
25
Let f = -59 - -217. Calculate the highest common factor of 553 and f.
79
Let d be ((-680)/25)/((-8)/20). Calculate the highest common divisor of d and 51.
17
Let h(j) = -6*j - 22. Let y be h(-17). What is the greatest common factor of 20 and y?
20
Suppose -3*k + k + 128 = 0. Let x(z) = 1035*z - 5127. Let u be x(5). What is the greatest common divisor of k and u?
16
Suppose -7*k + 0*k = -168. What is the highest common divisor of 192 and k?
24
Let u(a) = -480*a + 5. Let n be u(-2). Suppose -4*c - 4*k = -351 - 605, -k + n = 4*c. What is the greatest common factor of 22 and c?
22
Let x be 3/(-5) - 828/45. Let k = x + 1. Let v be (-6)/k - (-82)/6. Calculate the highest common factor of 21 and v.
7
Suppose -203 - 187 = -5*k - 2*j, -3*k - j + 235 = 0. What is the greatest common factor of k and 48?
16
Suppose 0 = -4*u - 7*c + 3*c - 20, 4*u = 2*c + 10. Suppose -6*p + 93 + 33 = u. Suppose 2*y = -y + 252. Calculate the highest common factor of p and y.
21
Suppose -822 = -5*k - 3*x, 3*x - 336 = -2*k - 0*k. Let f = 17617 - 17599. Calculate the highest common factor of k and f.
18
Let j(p) = p**3 - 3*p**2 - 2. Let r be j(5). Let z be (-56)/(-9) + (-10)/45. Calculate the highest common factor of r and z.
6
Suppose -2*r + 0*r + 4 = 0. Let y be (-8)/32 - r/(-8). Let o(q) = -q**3 + q**2 + 2*q + 20. Let x be o(y). Calculate the highest common factor of x and 160.
20
Let r be 1 - 309/(12/(-4)). Let h(u) = 25 + 2*u - 2*u + u. Let b be h(-12). What is the greatest common divisor of b and r?
13
Suppose -129*c + 156*c = 16038. What is the highest common divisor of c and 66?
66
Let q = 227 - 156. Suppose 69*m = q*m - 8. Calculate the highest common divisor of 16 and m.
4
Suppose 41*o - 1163 = -15. What is the highest common factor of 10 and o?
2
Let q(s) = -2*s**2 + 8*s - 8. Let v be q(5). Let o be (24/36)/((-1)/v). What is the highest common divisor of o and 120?
12
Let d(t) = -87*t - 1. Let s be d(-1). Suppose l - 57 - s = 0. What is the highest common factor of l and 13?
13
Suppose 2*c = -3*q - 96 + 212, 4*q = -3*c + 175. What is the highest common divisor of c and 976?
61
Let j(x) be the third derivative of -5/6*x**3 + x**2 + 0*x + 1/24*x**4 + 0. Let q be j(6). Calculate the greatest common factor of q and 1.
1
Suppose -3*s = -2*j + 1 - 39, 2*s = -4*j + 36. Let u = 42 + s. What is the greatest common factor of 28 and u?
28
Suppose 223 - 49 = -3*d. Let v = d + 62. What is the highest common factor of v and 12?
4
Let l(w) = -2*w**3 - 43*w**2 + 14*w - 156. Let x be l(-22). Let u = -7 - -47. Calculate the highest common factor of x and u.
20
Let m = -170 - -180. Calculate the highest common divisor of m and 2.
2
Let w = 259 - 76. Suppose -3*t + 139 = 4*i, 0*t - 4*t - 3*i = -w. What is the greatest common divisor of t and 5?
5
Suppose 49 = -21*a + 22*a. Suppose -4*x + 75 = -a. Suppose 33*t - x*t = 464. Calculate the highest common divisor of 29 and t.
29
Let i(b) = 63*b - 480. Let w be i(8). Suppose -3*p + 48 = -0*p. What is the highest common factor of w and p?
8
Let u(g) = g**2 - 12*g + 21. Let p be u(11). Calculate the greatest common factor of 54 and p.
2
Let n be (-22)/18 + 1 - (-1736)/36. What is the greatest common divisor of n and 256?
16
Suppose 2*q + 2 = 0, -4*n + 4264 + 1275 = q. What is the greatest common factor of 5 and n?
5
Let u = 826 - 797. Let t be (6/(-12))/((-2)/232). What is the highest common divisor of u and t?
29
Suppose -3*m + 0*m = 6. Let j be 3 - (m/1)/2. Suppose j*l - 200 = -68. Calculate the highest common factor of 3 and l.
3
Let a be (62 + -17)*8/10. What is the greatest common divisor of a and 8?
4
Let l be ((-60)/(-8) - 5)*(-294)/(-5). Calculate the greatest common divisor of 42 and l.
21
Let g be (-884)/(-6) + (-11)/33. Let u(s) = 5*s - 9. Let y(d) = -7*d**3 + d. Let a be y(-1). Let n be u(a). Calculate the greatest common divisor of n and g.
21
Let g be (93 + 12)*(1 + 17). Calculate the highest common factor of 35 and g.
35
Let h = -284 + 145. Let w = h + 202. Let k be (-33)/(-3) - (-4)/(-2). What is the highest common factor of k and w?
9
Let r = 7 - -8. Let l = r + -6. Let i(t) = t**2 + 2*t - 12. Let c be i(6). What is the highest common divisor of l and c?
9
Let p(m) = 4*m - 2. Let g be p(-1). Let r be g*2/(-4) + -17. Let u be 60/7*r/(-2). Calculate the highest common factor of u and 150.
30
Let l = -19 - -29. Suppose -l*z + 582 - 92 = 0. Calculate the greatest common divisor of 49 and z.
49
Let u be (14/(-28))/(1/(-6)). Suppose 0 = -u*m + 5*m - 26. Calculate the greatest common factor of 13 and m.
13
Let y be 4/(-14) + (-3170)/(-70). What is the greatest common factor of 27 and y?
9
Suppose 4*l + g - 3843 = 0, -3*l - 124 = -g - 3001. Calculate the highest common factor of l and 30.
30
Let b(v) = 6*v - 68. Let m be b(12). Suppose 3*p + 3*w = 57, -5*p + m*w = -128 - 3. What is the greatest common divisor of p and 46?
23
Let h = 7 + 7. Suppose -4*w + 118 = -4*v + h, -4*v = -3*w + 74. What is the greatest common divisor of 20 and w?
10
Let r = -31 + 55. Let b(y) = -8 + 119*y**2 + 4 - 4*y + 1. Let n be b(-1). What is the highest common factor of r and n?
24
Suppose 2*r + 19 = 25, -240 = -w + r. What is the greatest common divisor of w and 9?
9
Suppose -21 + 1 = -10*a. Calculate the highest common factor of a and 2.
2
Suppose -33 = j - 73. Calculate the greatest common divisor of j and 16.
8
Let b(h) = h**2 - 3*h + 2. Let z be b(8). Let w be (576/(-27))/((-2)/6). Suppose -5*y + 3*f = -w, 2*f = -2*f + 8. What is the highest common factor of z and y?
14
Suppose 0 = 5*a - 3*n - 255, 4*a + 4*n - 105 - 67 = 0. Suppose -5*s - 3*r + a = -2*s, 56 = 4*s - 4*r. What is the greatest common divisor of 30 and s?
15
Suppose 3*r - 2*r + 51 = 4*b, -33 = -2*b - r. Calculate the highest common factor of b and 14.
14
Suppose 0 = 5*v - 1322 + 202. Suppose -40 = -y + 4*c, -3*y - c = y - 126. What is the highest common divisor of y and v?
32
Let o(k) = k**3 - k**2 - k + 80. Let t be o(0). Let i = 19 + 13. What is the highest common divisor of t and i?
16
Let m = -365 - -612. What is the highest common factor of 57 and m?
19
Suppose 27*l - 299 = 14*l. Suppose r - 37 + 14 = 0. Calculate the highest common divisor of l and r.
23
Let l = 47 - 27. Let v(z) be the third derivative of 25*z**4/12 + z**2 + z. Let y be v(1). What is the greatest common divisor of y and l?
10
Suppose -d - 3*d = 8. Let u be d/9 - (-4 + 580/(-18)). What is the highest common divisor of 36 and u?
36
Suppose -10*g = -15*g + 150. Let d be 3/(-2 + g/14). What is the greatest common divisor of d and 189?
21
Let m(t) = 7*t**3 - 1. Let x be m(1). Suppose -4*v - 32 = -x*v. Suppose -3*p + 11 + v = 0. What is the greatest common factor of p and 9?
9
Suppose -7*g = -1866 + 186. Calculate the highest common factor of 15 and g.
15
Let q be 584/3 - (-220)/165. Calculate the greatest common factor of q and 4.
4
Suppose 9*i - 31*i + 396 = 0. What is the highest common factor of 10 and i?
2
Let f be 4 - (0 + 0 + 4). Let n be f - (-1 + 5)/(-4). Let u be (20/(-40))/(n/(-38)). Calculate the highest common factor of u and 57.
19
Let s(c) = c**2 + 12*c + 14.